{"id":3078,"date":"2020-06-24T08:42:40","date_gmt":"2020-06-24T08:42:40","guid":{"rendered":"http:\/\/wpdemo.archiwp.com\/theratio-sidenav\/?page_id=3078"},"modified":"2021-06-30T06:55:47","modified_gmt":"2021-06-30T06:55:47","slug":"our-services","status":"publish","type":"page","link":"http:\/\/neo-swiat.com.pl\/?page_id=3078","title":{"rendered":"Us\u0142ugi"},"content":{"rendered":"\t\t<div data-elementor-type=\"wp-page\" data-elementor-id=\"3078\" class=\"elementor elementor-3078\">\n\t\t\t\t\t\t<section class=\"elementor-section elementor-top-section elementor-element elementor-element-c51d99d elementor-section-boxed elementor-section-height-default elementor-section-height-default\" data-id=\"c51d99d\" data-element_type=\"section\">\n\t\t\t\t\t\t<div class=\"elementor-container elementor-column-gap-extended\">\n\t\t\t\t\t<div class=\"elementor-column elementor-col-33 elementor-top-column elementor-element elementor-element-7269e95 ot-flex-column-vertical\" data-id=\"7269e95\" data-element_type=\"column\">\n\t\t\t<div class=\"elementor-widget-wrap elementor-element-populated\">\n\t\t\t\t\t\t<div class=\"elementor-element elementor-element-3211b10 elementor-widget-tablet__width-initial elementor-widget elementor-widget-iheading\" data-id=\"3211b10\" data-element_type=\"widget\" data-widget_type=\"iheading.default\">\n\t\t\t\t<div class=\"elementor-widget-container\">\n\t\t\t\t\t\t\t<div class=\"ot-heading \">\r\n\t        \t            <span>Szanowny kliencie!<\/span>\r\n\t        \t        <h2 class=\"main-heading\">Przedstawiamy nasz\u0105 kompleksow\u0105 ofert\u0119<\/h2>\r\n\t        \t    <\/div>\r\n\t    \t\t\t\t<\/div>\n\t\t\t\t<\/div>\n\t\t\t\t<div class=\"elementor-element elementor-element-7d6c827 elementor-widget elementor-widget-ibutton\" data-id=\"7d6c827\" data-element_type=\"widget\" data-widget_type=\"ibutton.default\">\n\t\t\t\t<div class=\"elementor-widget-container\">\n\t\t\t\t\t\t\t<div class=\"ot-button\">\r\n\t\t\t<a href=\"http:\/\/neo-swiat.com.pl\/?page_id=3130\" class=\"octf-btn octf-btn-light\">Portfolio<\/a>\r\n\t    <\/div>\r\n\t    \t\t\t\t<\/div>\n\t\t\t\t<\/div>\n\t\t\t\t\t<\/div>\n\t\t<\/div>\n\t\t\t\t<div class=\"elementor-column elementor-col-66 elementor-top-column elementor-element elementor-element-384950e ot-flex-column-vertical\" data-id=\"384950e\" data-element_type=\"column\">\n\t\t\t<div class=\"elementor-widget-wrap elementor-element-populated\">\n\t\t\t\t\t\t<section class=\"elementor-section elementor-inner-section elementor-element elementor-element-496ba61 elementor-section-full_width elementor-section-height-default elementor-section-height-default\" data-id=\"496ba61\" data-element_type=\"section\">\n\t\t\t\t\t\t<div class=\"elementor-container elementor-column-gap-extended\">\n\t\t\t\t\t<div class=\"elementor-column elementor-col-50 elementor-inner-column elementor-element elementor-element-84c775e ot-flex-column-vertical\" data-id=\"84c775e\" data-element_type=\"column\">\n\t\t\t<div class=\"elementor-widget-wrap elementor-element-populated\">\n\t\t\t\t\t\t<div class=\"elementor-element elementor-element-5184773 elementor-widget elementor-widget-iiconbox2\" data-id=\"5184773\" data-element_type=\"widget\" data-widget_type=\"iiconbox2.default\">\n\t\t\t\t<div class=\"elementor-widget-container\">\n\t\t\t\t\t\t\t<div class=\"icon-box icon-box--classic icon-box--icon-top\">\r\n\t\t\t<div class=\"icon-main\">\r\n\t\t        \t\t        \t<i aria-hidden=\"true\" class=\"fas fa-pencil-alt\"><\/i>\t\t        \t\t\t    \t\t        \t        <\/div>\r\n\t        <div class=\"content-box\">\r\n\t\t        <h5><a href=\"#\" class=\"title-link\">Projekty<\/a><\/h5>\r\n\t\t        <p>Wykonujemy koncepcje i aran\u017cacje projekt\u00f3w budowlanych oraz instalatorskich:<br>\n\n<p>- Architektura<\/p>\n<p>- Instalacje elektryczne<\/p>\n- Instalacje klimatyzacyjno \u2013 wentylacyjne<br>\n- Instalacje wodno-kanalizacyjne<br>\n- Instalacje nisko-pr\u0105dowe: komputerowe, alarmowe, kontroli dost\u0119pu, CCTV, inne<br<\/p>\r\n\t\t\t<\/div>\r\n\t    <\/div>\r\n\t    \t\t\t\t<\/div>\n\t\t\t\t<\/div>\n\t\t\t\t\t<\/div>\n\t\t<\/div>\n\t\t\t\t<div class=\"elementor-column elementor-col-50 elementor-inner-column elementor-element elementor-element-8d2dc6b ot-flex-column-vertical\" data-id=\"8d2dc6b\" data-element_type=\"column\">\n\t\t\t<div class=\"elementor-widget-wrap elementor-element-populated\">\n\t\t\t\t\t\t<div class=\"elementor-element elementor-element-d845340 elementor-widget elementor-widget-iiconbox2\" data-id=\"d845340\" data-element_type=\"widget\" data-widget_type=\"iiconbox2.default\">\n\t\t\t\t<div class=\"elementor-widget-container\">\n\t\t\t\t\t\t\t<div class=\"icon-box icon-box--classic icon-box--icon-top\">\r\n\t\t\t<div class=\"icon-main\">\r\n\t\t        \t\t        \t<i aria-hidden=\"true\" class=\"fas fa-tasks\"><\/i>\t\t        \t\t\t    \t\t        \t        <\/div>\r\n\t        <div class=\"content-box\">\r\n\t\t        <h5><a href=\"#\" class=\"title-link\">Zarz\u0105dzanie projektami<\/a><\/h5>\r\n\t\t        <p>- Ocena wst\u0119pna<br>\n- \u015acie\u017cka krytyczna projektu<br>\n- Nadz\u00f3r<br>\n- Koordynacja<br>\n- Raportowanie<br>\n<br>W ramach w\/w zakres\u00f3w jeste\u015bmy w stanie zapewni\u0107 wszystkie dzia\u0142ania zwi\u0105zane z legislacj\u0105 projekt\u00f3w koncepcyjnych, wykonawczych oraz powykonawczych.<\/p>\r\n\t\t\t<\/div>\r\n\t    <\/div>\r\n\t    \t\t\t\t<\/div>\n\t\t\t\t<\/div>\n\t\t\t\t\t<\/div>\n\t\t<\/div>\n\t\t\t\t\t<\/div>\n\t\t<\/section>\n\t\t\t\t<section class=\"elementor-section elementor-inner-section elementor-element elementor-element-f743754 elementor-section-full_width elementor-section-height-default elementor-section-height-default\" data-id=\"f743754\" data-element_type=\"section\">\n\t\t\t\t\t\t<div class=\"elementor-container elementor-column-gap-extended\">\n\t\t\t\t\t<div class=\"elementor-column elementor-col-50 elementor-inner-column elementor-element elementor-element-28b3020 ot-flex-column-vertical\" data-id=\"28b3020\" data-element_type=\"column\">\n\t\t\t<div class=\"elementor-widget-wrap elementor-element-populated\">\n\t\t\t\t\t\t<div class=\"elementor-element elementor-element-41bd6f3 elementor-widget elementor-widget-iiconbox2\" data-id=\"41bd6f3\" data-element_type=\"widget\" data-widget_type=\"iiconbox2.default\">\n\t\t\t\t<div class=\"elementor-widget-container\">\n\t\t\t\t\t\t\t<div class=\"icon-box icon-box--classic icon-box--icon-top\">\r\n\t\t\t<div class=\"icon-main\">\r\n\t\t        \t\t        \t<i aria-hidden=\"true\" class=\"fas fa-hammer\"><\/i>\t\t        \t\t\t    \t\t        \t        <\/div>\r\n\t        <div class=\"content-box\">\r\n\t\t        <h5><a href=\"#\" class=\"title-link\">Prace budowlane<\/a><\/h5>\r\n\t\t        <p>- Tynki gipsowe i cementowo-wapienne, <br>\n- Elewacje budynk\u00f3w w tym budynk\u00f3w zabytkowych, <br>\n- Prace murowe, <br>\n- Docieplanie elewacji, <br>\n- Prace posadzkarskie, brukarskie <br>\n- Wymiana okien, <br>\n- Prace dekarskie, <br>\n- Prace glazurnicze, <br>\n- Prace malarskie i tapety, <br>\n- Wszelkie prace w systemie G-K (suche tynki) oraz sufity systemowe, <br>\n- Witryny, stolarka aluminiowa, <br>\n- Parkiet lity, finish parkiet, panele pod\u0142ogowe, <br>\n- Schody ozdobne o konstrukcji drewnianej lub stalowej, <br>\n- Tarasy zewn\u0119trzne, <br>\n- Izolacje budynk\u00f3w lub taras\u00f3w.<\/p>\r\n\t\t\t<\/div>\r\n\t    <\/div>\r\n\t    \t\t\t\t<\/div>\n\t\t\t\t<\/div>\n\t\t\t\t\t<\/div>\n\t\t<\/div>\n\t\t\t\t<div class=\"elementor-column elementor-col-50 elementor-inner-column elementor-element elementor-element-622bfe1 ot-flex-column-vertical\" data-id=\"622bfe1\" data-element_type=\"column\">\n\t\t\t<div class=\"elementor-widget-wrap elementor-element-populated\">\n\t\t\t\t\t\t<div class=\"elementor-element elementor-element-86a4514 elementor-widget elementor-widget-iiconbox2\" data-id=\"86a4514\" data-element_type=\"widget\" data-widget_type=\"iiconbox2.default\">\n\t\t\t\t<div class=\"elementor-widget-container\">\n\t\t\t\t\t\t\t<div class=\"icon-box icon-box--classic icon-box--icon-top\">\r\n\t\t\t<div class=\"icon-main\">\r\n\t\t        \t\t        \t<i aria-hidden=\"true\" class=\"fas fa-tools\"><\/i>\t\t        \t\t\t    \t\t        \t        <\/div>\r\n\t        <div class=\"content-box\">\r\n\t\t        <h5><a href=\"#\" class=\"title-link\">Prace instalatorskie<\/a><\/h5>\r\n\t\t        <p>- Instalacje elektryczne oraz logiczne, <br>\n- Instalacje wodno-kanalizacyjne,<br>\n- Instalacje klimatyzacyjno-wentylacyjne,<br>\n- Instalacje nisko-pr\u0105dowe (zabezpieczenia alarmowe, kontrola dost\u0119pu, CCTV, inne).<\/p>\r\n\t\t\t<\/div>\r\n\t    <\/div>\r\n\t    \t\t\t\t<\/div>\n\t\t\t\t<\/div>\n\t\t\t\t\t<\/div>\n\t\t<\/div>\n\t\t\t\t\t<\/div>\n\t\t<\/section>\n\t\t\t\t<section class=\"elementor-section elementor-inner-section elementor-element elementor-element-cfe2872 elementor-section-full_width elementor-section-height-default elementor-section-height-default\" data-id=\"cfe2872\" data-element_type=\"section\">\n\t\t\t\t\t\t<div class=\"elementor-container elementor-column-gap-extended\">\n\t\t\t\t\t<div class=\"elementor-column elementor-col-50 elementor-inner-column elementor-element elementor-element-64cb2c6 ot-flex-column-vertical\" data-id=\"64cb2c6\" data-element_type=\"column\">\n\t\t\t<div class=\"elementor-widget-wrap elementor-element-populated\">\n\t\t\t\t\t\t<div class=\"elementor-element elementor-element-94fed5b elementor-widget elementor-widget-iiconbox2\" data-id=\"94fed5b\" data-element_type=\"widget\" data-widget_type=\"iiconbox2.default\">\n\t\t\t\t<div class=\"elementor-widget-container\">\n\t\t\t\t\t\t\t<div class=\"icon-box icon-box--classic icon-box--icon-top\">\r\n\t\t\t<div class=\"icon-main\">\r\n\t\t        \t\t        \t<i aria-hidden=\"true\" class=\"fas fa-chair\"><\/i>\t\t        \t\t\t    \t\t        \t        <\/div>\r\n\t        <div class=\"content-box\">\r\n\t\t        <h5><a href=\"#\" class=\"title-link\">Elementy wyposa\u017cenia lokalu<\/a><\/h5>\r\n\t\t        <p>Wykonujemy meble i wystr\u00f3j, wed\u0142ug \u017cyczenia klienta np. recepcje, sale konferencyjne, biurowe stanowiska pracy, kuchnie, indywidualne projekty aran\u017cacji zabudowy meblowej, oznakowanie wewn\u0119trzne i zewn\u0119trzne lokalu.<\/p>\r\n\t\t\t<\/div>\r\n\t    <\/div>\r\n\t    \t\t\t\t<\/div>\n\t\t\t\t<\/div>\n\t\t\t\t\t<\/div>\n\t\t<\/div>\n\t\t\t\t<div class=\"elementor-column elementor-col-50 elementor-inner-column elementor-element elementor-element-d1b4193 ot-flex-column-vertical\" data-id=\"d1b4193\" data-element_type=\"column\">\n\t\t\t<div class=\"elementor-widget-wrap elementor-element-populated\">\n\t\t\t\t\t\t<div class=\"elementor-element elementor-element-4030ef4 elementor-widget elementor-widget-iiconbox2\" data-id=\"4030ef4\" data-element_type=\"widget\" data-widget_type=\"iiconbox2.default\">\n\t\t\t\t<div class=\"elementor-widget-container\">\n\t\t\t\t\t\t\t<div class=\"icon-box icon-box--classic icon-box--icon-top\">\r\n\t\t\t<div class=\"icon-main\">\r\n\t\t        \t\t\t    \t\t        <span class=\"ot-flaticon-house\"><\/span>\t        <\/div>\r\n\t        <div class=\"content-box\">\r\n\t\t        <h5><a href=\"#\" class=\"title-link\">Projekty developerskie<\/a><\/h5>\r\n\t\t        <p>Oferujemy sprzeda\u017c dom\u00f3w jednorodzinnych wolnostoj\u0105cych \u2013 w aran\u017cacji osiedlowej, bli\u017aniaczej lub szeregowej  <a href=\"https:\/\/www.nowe-m.pl\/peclin\/\"style=\"color: orange\">Zielony Kaprys<\/a>.\nProwadzimy projekty zabudowy jednorodzinnej jako developer lub inwestor zast\u0119pczy.<\/p>\r\n\t\t\t<\/div>\r\n\t    <\/div>\r\n\t    \t\t\t\t<\/div>\n\t\t\t\t<\/div>\n\t\t\t\t\t<\/div>\n\t\t<\/div>\n\t\t\t\t\t<\/div>\n\t\t<\/section>\n\t\t\t\t\t<\/div>\n\t\t<\/div>\n\t\t\t\t\t<\/div>\n\t\t<\/section>\n\t\t\t\t<section class=\"elementor-section elementor-top-section elementor-element elementor-element-693d05f elementor-section-boxed elementor-section-height-default elementor-section-height-default\" data-id=\"693d05f\" data-element_type=\"section\" data-settings=\"{&quot;background_background&quot;:&quot;classic&quot;}\">\n\t\t\t\t\t\t<div class=\"elementor-container elementor-column-gap-extended\">\n\t\t\t\t\t<div class=\"elementor-column elementor-col-33 elementor-top-column elementor-element elementor-element-d98085d ot-flex-column-vertical\" data-id=\"d98085d\" data-element_type=\"column\">\n\t\t\t<div class=\"elementor-widget-wrap elementor-element-populated\">\n\t\t\t\t\t\t<div class=\"elementor-element elementor-element-656aa7a elementor-widget elementor-widget-iiconbox3\" data-id=\"656aa7a\" data-element_type=\"widget\" data-widget_type=\"iiconbox3.default\">\n\t\t\t\t<div class=\"elementor-widget-container\">\n\t\t\t\t\t\t\t<div class=\"icon-box icon-box--bg-color icon-box--icon-left\">\r\n\t\t\t<div class=\"icon-main\">\r\n\t\t        \t\t        \t<i aria-hidden=\"true\" class=\"fas fa-key\"><\/i>\t\t        \t\t\t    \r\n\t\t\t    \t\t        \t        <\/div>\r\n\t        <div class=\"content-box\">\r\n\t\t        <h5>Profesjonalizm<\/h5>\r\n\t\t        <p>Zrealizuj autorski projekt aran\u017cacji powierzchni biurowej. Nasze zespo\u0142y zaprojektuj\u0105 rozwi\u0105zania odzwierciedlaj\u0105ce warto\u015bci Twojej firmy.<\/p>\r\n\t\t\t<\/div>\r\n\t\t\t\t    <\/div>\r\n\t    \t\t\t\t<\/div>\n\t\t\t\t<\/div>\n\t\t\t\t\t<\/div>\n\t\t<\/div>\n\t\t\t\t<div class=\"elementor-column elementor-col-33 elementor-top-column elementor-element elementor-element-4cb931e ot-flex-column-vertical\" data-id=\"4cb931e\" data-element_type=\"column\">\n\t\t\t<div class=\"elementor-widget-wrap elementor-element-populated\">\n\t\t\t\t\t\t<div class=\"elementor-element elementor-element-5ed6bae elementor-widget elementor-widget-iiconbox3\" data-id=\"5ed6bae\" data-element_type=\"widget\" data-widget_type=\"iiconbox3.default\">\n\t\t\t\t<div class=\"elementor-widget-container\">\n\t\t\t\t\t\t\t<div class=\"icon-box icon-box--bg-color icon-box--icon-left\">\r\n\t\t\t<div class=\"icon-main\">\r\n\t\t        \t\t\t    \r\n\t\t\t    \t\t        <span class=\"ot-flaticon-box\"><\/span>\t        <\/div>\r\n\t        <div class=\"content-box\">\r\n\t\t        <h5>Umiej\u0119tno\u015bci i do\u015bwiadczenie<\/h5>\r\n\t\t        <p>Wsp\u00f3\u0142praca z nami to gwarancja kompleksowej oferty wyko\u0144czenia pod klucz, obejmuj\u0105cej wszystkie etapy, pocz\u0105wszy od projektu aran\u017cacji a\u017c po pomy\u015blne uko\u0144czenie prac.<\/p>\r\n\t\t\t<\/div>\r\n\t\t\t\t    <\/div>\r\n\t    \t\t\t\t<\/div>\n\t\t\t\t<\/div>\n\t\t\t\t\t<\/div>\n\t\t<\/div>\n\t\t\t\t<div class=\"elementor-column elementor-col-33 elementor-top-column elementor-element elementor-element-a0d4eb6 ot-flex-column-vertical\" data-id=\"a0d4eb6\" data-element_type=\"column\">\n\t\t\t<div class=\"elementor-widget-wrap elementor-element-populated\">\n\t\t\t\t\t\t<div class=\"elementor-element elementor-element-d882ca4 elementor-widget-tablet__width-auto elementor-widget-mobile__width-inherit elementor-widget elementor-widget-iiconbox3\" data-id=\"d882ca4\" data-element_type=\"widget\" data-widget_type=\"iiconbox3.default\">\n\t\t\t\t<div class=\"elementor-widget-container\">\n\t\t\t\t\t\t\t<div class=\"icon-box icon-box--bg-color icon-box--icon-left\">\r\n\t\t\t<div class=\"icon-main\">\r\n\t\t        \t\t        \t<i aria-hidden=\"true\" class=\"fas fa-hands-helping\"><\/i>\t\t        \t\t\t    \r\n\t\t\t    \t\t        \t        <\/div>\r\n\t        <div class=\"content-box\">\r\n\t\t        <h5>Koncentracja na klienta<\/h5>\r\n\t\t        <p>Opowiedz nam o swoim projekcie, a my zaproponujemy rozwi\u0105zania, kt\u00f3re b\u0119d\u0105 pracowa\u0107 na Tw\u00f3j sukces.<\/p>\r\n\t\t\t<\/div>\r\n\t\t\t\t    <\/div>\r\n\t    \t\t\t\t<\/div>\n\t\t\t\t<\/div>\n\t\t\t\t\t<\/div>\n\t\t<\/div>\n\t\t\t\t\t<\/div>\n\t\t<\/section>\n\t\t\t\t<section class=\"elementor-section elementor-top-section elementor-element elementor-element-79d4ff2 elementor-section-boxed elementor-section-height-default elementor-section-height-default\" data-id=\"79d4ff2\" data-element_type=\"section\">\n\t\t\t\t\t\t<div class=\"elementor-container elementor-column-gap-extended\">\n\t\t\t\t\t<div class=\"elementor-column elementor-col-33 elementor-top-column elementor-element elementor-element-be60fd0 ot-flex-column-vertical\" data-id=\"be60fd0\" data-element_type=\"column\">\n\t\t\t<div class=\"elementor-widget-wrap elementor-element-populated\">\n\t\t\t\t\t\t<div class=\"elementor-element elementor-element-0139138 elementor-widget elementor-widget-iheading\" data-id=\"0139138\" data-element_type=\"widget\" data-widget_type=\"iheading.default\">\n\t\t\t\t<div class=\"elementor-widget-container\">\n\t\t\t\t\t\t\t<div class=\"ot-heading \">\r\n\t        \t        <h2 class=\"main-heading\">Poznaj nasze realizacje<\/h2>\r\n\t        \t    <\/div>\r\n\t    \t\t\t\t<\/div>\n\t\t\t\t<\/div>\n\t\t\t\t<div class=\"elementor-element elementor-element-692fa5a elementor-widget elementor-widget-text-editor\" data-id=\"692fa5a\" data-element_type=\"widget\" data-widget_type=\"text-editor.default\">\n\t\t\t\t<div class=\"elementor-widget-container\">\n\t\t\t\t\t\t\t\t\t<p>W\u00a0przypadku konieczno\u015bci uzyskania dalszych informacji dotycz\u0105cych wyszczeg\u00f3lnionych element\u00f3w, om\u00f3wienia konkretnych projekt\u00f3w lub przedstawienia oferty cenowej prosimy o\u00a0przes\u0142anie oficjalnego zapytania do\u00a0naszej firmy.<\/p>\t\t\t\t\t\t\t\t<\/div>\n\t\t\t\t<\/div>\n\t\t\t\t<div class=\"elementor-element elementor-element-5d325c6 elementor-widget elementor-widget-ibutton\" data-id=\"5d325c6\" data-element_type=\"widget\" data-widget_type=\"ibutton.default\">\n\t\t\t\t<div class=\"elementor-widget-container\">\n\t\t\t\t\t\t\t<div class=\"ot-button\">\r\n\t\t\t<a href=\"http:\/\/neo-swiat.com.pl\/?page_id=3130\" class=\"octf-btn octf-btn-light\">Projekty<\/a>\r\n\t    <\/div>\r\n\t    \t\t\t\t<\/div>\n\t\t\t\t<\/div>\n\t\t\t\t\t<\/div>\n\t\t<\/div>\n\t\t\t\t<div class=\"elementor-column elementor-col-33 elementor-top-column elementor-element elementor-element-92b7954 ot-flex-column-vertical\" data-id=\"92b7954\" data-element_type=\"column\">\n\t\t\t<div class=\"elementor-widget-wrap elementor-element-populated\">\n\t\t\t\t\t\t<div class=\"elementor-element elementor-element-b36544f elementor-widget elementor-widget-theratio-service-box\" data-id=\"b36544f\" data-element_type=\"widget\" data-widget_type=\"theratio-service-box.default\">\n\t\t\t\t<div class=\"elementor-widget-container\">\n\t\t\t\t\t\t\t<div class=\"service-box\">\r\n\t        <div class=\"box-content\">\r\n\t       \t\t\t       \t\t<div class=\"image-box img-lgpopup\">\r\n\t       \t\t\t<div data-src=\"http:\/\/neo-swiat.com.pl\/wp-content\/uploads\/2021\/03\/CI_IO1_11.jpg\"><img fetchpriority=\"high\" decoding=\"async\" width=\"2012\" height=\"1342\" src=\"http:\/\/neo-swiat.com.pl\/wp-content\/uploads\/2021\/03\/CI_IO1_11.jpg\" class=\"attachment-full size-full wp-image-3447\" alt=\"\" srcset=\"http:\/\/neo-swiat.com.pl\/wp-content\/uploads\/2021\/03\/CI_IO1_11.jpg 2012w, http:\/\/neo-swiat.com.pl\/wp-content\/uploads\/2021\/03\/CI_IO1_11-300x200.jpg 300w, http:\/\/neo-swiat.com.pl\/wp-content\/uploads\/2021\/03\/CI_IO1_11-1024x683.jpg 1024w, http:\/\/neo-swiat.com.pl\/wp-content\/uploads\/2021\/03\/CI_IO1_11-768x512.jpg 768w, http:\/\/neo-swiat.com.pl\/wp-content\/uploads\/2021\/03\/CI_IO1_11-1536x1025.jpg 1536w\" sizes=\"(max-width: 2012px) 100vw, 2012px\" \/>\t       \t\t\t\t<span class=\"overlay\"><i class=\"ot-flaticon-add\"><\/i><\/span>\r\n\t       \t\t\t<\/div>\r\n\t\t\t\t<\/div>\r\n\t\t\t\t\t\t\t\t<div class=\"info-box\">\r\n\t\t\t\t\t<h4>Realizacje Biurowe<\/h4>\t\t\t\t\t<p>Gwarantujemy dostarczenie rozwi\u0105za\u0144 idealnie dopasowanych do potrzeb Pa\u0144stwa marki i buduj\u0105cych przysz\u0142o\u015b\u0107 warto\u015b\u0107 przedsi\u0119biorstwa.<\/p>\r\n\t\t\t\t\t\t\t\t\t<\/div>\r\n\t\t\t<\/div>\r\n\t    <\/div>\r\n\t    \t\t\t\t<\/div>\n\t\t\t\t<\/div>\n\t\t\t\t\t<\/div>\n\t\t<\/div>\n\t\t\t\t<div class=\"elementor-column elementor-col-33 elementor-top-column elementor-element elementor-element-a637a90 ot-flex-column-vertical\" data-id=\"a637a90\" data-element_type=\"column\">\n\t\t\t<div class=\"elementor-widget-wrap elementor-element-populated\">\n\t\t\t\t\t\t<div class=\"elementor-element elementor-element-c35e4da elementor-widget elementor-widget-theratio-service-box\" data-id=\"c35e4da\" data-element_type=\"widget\" data-widget_type=\"theratio-service-box.default\">\n\t\t\t\t<div class=\"elementor-widget-container\">\n\t\t\t\t\t\t\t<div class=\"service-box\">\r\n\t        <div class=\"box-content\">\r\n\t       \t\t\t       \t\t<div class=\"image-box img-lgpopup\">\r\n\t       \t\t\t<div data-src=\"http:\/\/neo-swiat.com.pl\/wp-content\/uploads\/2021\/03\/Baczynska_jadalnia.jpg\"><img decoding=\"async\" width=\"1200\" height=\"800\" src=\"http:\/\/neo-swiat.com.pl\/wp-content\/uploads\/2021\/03\/Baczynska_jadalnia.jpg\" class=\"attachment-full size-full wp-image-3445\" alt=\"\" srcset=\"http:\/\/neo-swiat.com.pl\/wp-content\/uploads\/2021\/03\/Baczynska_jadalnia.jpg 1200w, http:\/\/neo-swiat.com.pl\/wp-content\/uploads\/2021\/03\/Baczynska_jadalnia-300x200.jpg 300w, http:\/\/neo-swiat.com.pl\/wp-content\/uploads\/2021\/03\/Baczynska_jadalnia-1024x683.jpg 1024w, http:\/\/neo-swiat.com.pl\/wp-content\/uploads\/2021\/03\/Baczynska_jadalnia-768x512.jpg 768w\" sizes=\"(max-width: 1200px) 100vw, 1200px\" \/>\t       \t\t\t\t<span class=\"overlay\"><i class=\"ot-flaticon-add\"><\/i><\/span>\r\n\t       \t\t\t<\/div>\r\n\t\t\t\t<\/div>\r\n\t\t\t\t\t\t\t\t<div class=\"info-box\">\r\n\t\t\t\t\t<h4>Realizacje Mieszkaniowe<\/h4>\t\t\t\t\t<p>Gwarantujemy idealne dopasowanie designu do Pa\u0144stwa potrzeb, a tak\u017ce wykonanie prac na czas i zgodnie z bud\u017cetem<\/p>\r\n\t\t\t\t\t\t\t\t\t<\/div>\r\n\t\t\t<\/div>\r\n\t    <\/div>\r\n\t    \t\t\t\t<\/div>\n\t\t\t\t<\/div>\n\t\t\t\t\t<\/div>\n\t\t<\/div>\n\t\t\t\t\t<\/div>\n\t\t<\/section>\n\t\t\t\t<\/div>\n\t\t","protected":false},"excerpt":{"rendered":"<p>Szanowny kliencie! Przedstawiamy nasz\u0105 kompleksow\u0105 ofert\u0119 Portfolio Projekty Wykonujemy koncepcje i aran\u017cacje projekt\u00f3w budowlanych oraz instalatorskich: &#8211; Architektura &#8211; Instalacje elektryczne &#8211; Instalacje klimatyzacyjno \u2013 wentylacyjne &#8211; Instalacje wodno-kanalizacyjne &#8211; Instalacje nisko-pr\u0105dowe: komputerowe, alarmowe, kontroli dost\u0119pu, CCTV, inne<\/p>\n","protected":false},"author":1,"featured_media":0,"parent":0,"menu_order":0,"comment_status":"closed","ping_status":"closed","template":"","meta":{"footnotes":""},"class_list":["post-3078","page","type-page","status-publish","hentry"],"_links":{"self":[{"href":"http:\/\/neo-swiat.com.pl\/index.php?rest_route=\/wp\/v2\/pages\/3078","targetHints":{"allow":["GET"]}}],"collection":[{"href":"http:\/\/neo-swiat.com.pl\/index.php?rest_route=\/wp\/v2\/pages"}],"about":[{"href":"http:\/\/neo-swiat.com.pl\/index.php?rest_route=\/wp\/v2\/types\/page"}],"author":[{"embeddable":true,"href":"http:\/\/neo-swiat.com.pl\/index.php?rest_route=\/wp\/v2\/users\/1"}],"replies":[{"embeddable":true,"href":"http:\/\/neo-swiat.com.pl\/index.php?rest_route=%2Fwp%2Fv2%2Fcomments&post=3078"}],"version-history":[{"count":33,"href":"http:\/\/neo-swiat.com.pl\/index.php?rest_route=\/wp\/v2\/pages\/3078\/revisions"}],"predecessor-version":[{"id":3817,"href":"http:\/\/neo-swiat.com.pl\/index.php?rest_route=\/wp\/v2\/pages\/3078\/revisions\/3817"}],"wp:attachment":[{"href":"http:\/\/neo-swiat.com.pl\/index.php?rest_route=%2Fwp%2Fv2%2Fmedia&parent=3078"}],"curies":[{"name":"wp","href":"https:\/\/api.w.org\/{rel}","templated":true}]}}